Calculate the remainder when h is divided by 2/(-15) + (-124)/(-30) - 1.
2
Suppose 3*q + g - 4*g = 186, -2*q + 109 = 3*g. Let d(b) = -b**3 - 5*b**2 - 4*b - 5. Suppose 2*s - 20 = 6*s. Calculate the remainder when q is divided by d(s).
14
Calculate the remainder when (-107)/(-3) - 12/18 is divided by -3 + 15 + (1 - 1).
11
Suppose 0*b + 36 = 2*b. Suppose 0 = -q - 2*c + 8, 0 = 5*q - 4*c - 7 - 47. What is the remainder when b is divided by q?
8
Suppose 0 = -5*k + 10*k - 75. Calculate the remainder when k is divided by 11.
4
Let q = -5 + 30. Suppose -12*v + 65 = -7*v. What is the remainder when q is divided by v?
12
Let h be 1/(2 + -1 - 0). Let q be (1/(-2))/(h/(-6)). Calculate the remainder when 17 is divided by (10/q)/(2/3).
2
What is the remainder when 56 is divided by 75/4 - (-6)/24?
18
Let n = 14 - 5. What is the remainder when 22 is divided by n?
4
Let m be 5 + (-4 - -5 - 3). Suppose q + 9 = -4*v, -q = -m*v - 29 + 10. Calculate the remainder when 26 is divided by q.
5
Calculate the remainder when 1*(-210)/(-5) + 3 is divided by 16.
13
Suppose 2*k - 34 = -3*p + 6, -p + 74 = 5*k. What is the remainder when k is divided by 5?
4
Let p = 8 - 5. Suppose -3*d + d + 84 = -2*f, 2*d - 104 = -p*f. What is the remainder when d is divided by ((-6)/4)/(6/(-64))?
14
Calculate the remainder when (-1)/(-5) + 5085/75 is divided by 9.
5
Suppose 0 = f - 2. Suppose 2 = 3*i - 2*t, -5*i + t + 4 = -2*t. What is the remainder when i is divided by f?
0
Suppose -3*l = 2*m, m - 5 = -5*l + 2. Suppose l*h + 140 = 6*h. Let w = 58 - h. Calculate the remainder when w is divided by 8.
7
What is the remainder when (-2)/(-3)*(51 - -3) is divided by 19?
17
Suppose -2*c = -4*l - 4, -4*c + 3*l - 11 = -39. What is the remainder when 28 is divided by c?
8
Let m = 18 + -9. Suppose 0 = o - m - 26. Let l = 27 - 8. What is the remainder when o is divided by l?
16
Let s(r) = -3*r**3 - 3*r**2 - r - 2. Suppose -4*q = -5*m + 2, 0 = 2*q + q - 4*m + 1. Let c = q - -22. What is the remainder when s(-3) is divided by c?
17
Calculate the remainder when (170/(-30))/((-2)/6) is divided by 10.
7
Let q = 12 + 23. What is the remainder when 103 is divided by q?
33
Let m(g) = g - 3. Let p be m(4). What is the remainder when 10 is divided by (-12)/(-4)*(1 + p)?
4
Suppose 5 = k, k - 9 = -2*f + 18. Suppose a = 4*v - 82, 0 = -4*v - a - 16 + 102. Calculate the remainder when v is divided by f.
10
Let n = 0 - -11. Suppose 5*w - 20 = 20. Let f = w - 4. Calculate the remainder when n is divided by f.
3
Let h be (0*(-2)/4)/(-1). What is the remainder when 6/(-5)*(-20 + h) is divided by 13?
11
Let y = 60 - 55. What is the remainder when 7 is divided by y?
2
Let s(c) = -136*c + 9. Calculate the remainder when s(-1) is divided by 49.
47
Suppose -3*w + c = -138, 4*c + 92 = -3*w + 5*w. Calculate the remainder when w is divided by 10.
6
Let l be (7/(-2) + 2)*-2. Suppose l*m - 9 = 3*w - 2*m, -4*w - m = -11. Let v = 7 - 4. What is the remainder when v is divided by w?
1
Suppose -31 = -o - 11. Suppose -2*n = -5*j - 27, -8*n - 3*j = -3*n + 10. Let a = 8 - n. Calculate the remainder when o is divided by a.
6
Let r = 97 - 46. Suppose -27 = -w + 2*x, -w = -4*w - 4*x + r. Let k = -13 + w. What is the remainder when 22 is divided by k?
6
Suppose 0*j + 72 = 3*j. Suppose -3*c - c + 8 = 0. Suppose c*l + 3*l - 65 = 0. Calculate the remainder when j is divided by l.
11
Let b = 29 + -5. Let l = b - 6. What is the remainder when 52 is divided by l?
16
Let b be (-4)/(-14) + 3044/28. Suppose 5*p = b + 46. Suppose -33 = -3*s - 0*s. What is the remainder when p is divided by s?
9
Suppose 3*o + 83 = 4*y, -2*y + 4*o = -36 - 8. Suppose -l + 77 = -0*l. Calculate the remainder when l is divided by y.
17
Calculate the remainder when 25 + (3 - (1 - 1)) is divided by 15.
13
Let i(x) = -70*x**3 + 3*x**2 + 3*x + 1. Let w(y) = 18*y**3 + y - 1. Calculate the remainder when i(-1) is divided by w(1).
17
Let g = -15 - -33. Let t = -11 + 62. Calculate the remainder when t is divided by g.
15
Let i(q) = 2*q**2 - q. Let k be i(1). Let y(a) = 3*a**3 - a**2 + 1. Let w be y(k). Suppose w*d - 20 = d. Calculate the remainder when 19 is divided by d.
9
Let b = 1 - 1. Suppose 5*a + i + 3*i = 173, -83 = -2*a + 3*i. Suppose b = 2*s - 67 - a. What is the remainder when s is divided by 18?
16
Let m = -127 - -253. Suppose -58 = -2*s + 6. Calculate the remainder when m is divided by s.
30
Let x(h) = -h + 12. Let q be x(10). Calculate the remainder when (q/(-2))/(-1) + 15 is divided by 6.
4
Let u(z) = -z**2 + 8*z - 2. Let a = 3 - -4. Let n = 6 - 4. What is the remainder when u(a) is divided by n?
1
Let r = 25 - 5. Let k = 28 - -7. Suppose -a - 2*f + 7 = -0*f, 5*a - 2*f - k = 0. Calculate the remainder when r is divided by a.
6
Let y(w) = w**3 + 4*w**3 - w + 1 + 2*w - 3*w**2. Suppose 3*f - 35 + 2 = 0. What is the remainder when y(2) is divided by f?
9
Let f = -5 + 17. What is the remainder when 45 is divided by f?
9
Suppose -10*a + 7*a = -36. Let l = a + -3. Calculate the remainder when 34 is divided by l.
7
Let g be (5 - 2)/((-6)/(-8)). Let z be g - (-2 + (-3)/(-3)). Suppose -2*t = -a - a + 20, -2*a - 3*t = -z. What is the remainder when 20 is divided by a?
6
Suppose 4*u - 16 = -4. What is the remainder when ((-4)/(-8))/((-2)/(-44)) is divided by u?
2
Let k = 4 + -2. Suppose -k*p + 242 = -0*p. Calculate the remainder when p is divided by 31.
28
Let a(q) = q**2 + 8*q - 8. Let k be a(-9). Calculate the remainder when (0 - (0 - k))*35 is divided by 12.
11
Let a(v) = v**3 - 7*v**2 - 11*v + 9. Let c be a(7). Let r = -43 - c. What is the remainder when r is divided by 9?
7
Let l(a) = -a**2 - 2. Let w be l(0). Suppose 3*i = 4*c + 51, 4*c + 26 = 4*i - 6*i. Let v = w - c. Calculate the remainder when 19 is divided by v.
5
Let g = 24 + -13. What is the remainder when g is divided by 7?
4
Let g = -77 - -139. What is the remainder when g is divided by 16?
14
Let g = -13 - -145. Calculate the remainder when g is divided by 27.
24
Let m(h) = 30*h**3 - 2*h**2 + 2*h - 1. What is the remainder when m(1) is divided by 11 - (0 + 0 + -4)?
14
Suppose 0 = -4*r - 3*j + 128, 4*j = -r - 0*r + 19. Calculate the remainder when r is divided by 9.
8
Suppose -5*u = -2*u - 30. Let c = u + -1. What is the remainder when 24 is divided by c?
6
Suppose 5*o - 37 - 23 = 0. Suppose -4*g = -o - 8. Suppose -119 - 11 = -g*v. What is the remainder when v is divided by 9?
8
Let l(o) = 7*o + 3. What is the remainder when l(6) is divided by 16?
13
Let q(o) = o**3 + 10*o**2 - o + 1. Let t be q(-10). Suppose -m = 3*h - 62, -1 = h + 3*m - t. Calculate the remainder when 87 is divided by h.
21
Let z = -61 + 78. Calculate the remainder when z is divided by 4.
1
Suppose -4*l = o - 2 - 3, -4*o = 4*l - 56. Let p = 12 + o. What is the remainder when p is divided by 10?
9
Suppose 0*b - k - 25 = -b, 2*b = -k + 47. Let w(v) = v**3 - 2*v**2 - v + 3. Calculate the remainder when b is divided by w(3).
6
Suppose 0 = -2*k - 2*o + 6, 3*o - 9 = 2*k. Let t(j) = -j + 5. Let c be t(k). Suppose -c*n = 27 - 122. What is the remainder when n is divided by 7?
5
Let b = -9 + 19. Let m = -2 + b. Calculate the remainder when m is divided by (2/4)/(2/20).
3
Let h(r) = -r**3 - 4*r**2 + 5*r + 2. Let j be h(-5). Suppose 7*w - j*w - 95 = 0. Let m = w + -13. What is the remainder when 17 is divided by m?
5
Let t = 16 + -12. Suppose -t*u + 72 = -0*u. Calculate the remainder when 69 is divided by u.
15
Let c(t) = 3*t**2 - 13*t + 4. Let z be c(5). Let r = 16 - z. Suppose -5*d + d = -20. Calculate the remainder when d is divided by r.
1
Let m = -11 - -73. Let z(q) = -q - 1. Let j(l) = 6*l + 4. Let r(t) = -3*j(t) - 15*z(t). Calculate the remainder when m is divided by r(-6).
20
Let z = 49 + -19. Calculate the remainder when z is divided by 8.
6
Suppose 0 = s - 2*s + 23. Suppose 0 = -4*b + 17 + s. Let y(m) = 10*m - 1. What is the remainder when y(3) is divided by b?
9
Let m = -46 - -55. Calculate the remainder when 23 is divided by m.
5
Let a(d) = 4 + 3*d**3 - 3*d**2 - 2*d**2 - 4*d**3 - 2*d. What is the remainder when a(-6) is divided by 11?
8
Let j(m) = -2*m**2 + m + 4. Let l be j(3). Let f(s) = -4*s - 22. Calculate the remainder when f(l) is divided by 12.
10
Let o(d) = -d**2 + 3*d. Let k be o(2). Suppose 0*r + k*r - 26 = 0. Calculate the remain